2, 263, 78007
What are the prime factors of 95436490?
2, 5, 421, 22669
List the prime factors of 443861780.
2, 5, 2269, 9781
What are the prime factors of 3279164239?
13, 252243403
List the prime factors of 2770845745.
5, 29, 103, 185527
List the prime factors of 470615044.
2, 1571, 74891
What are the prime factors of 1263678903?
3, 23, 265423
List the prime factors of 21066509.
21066509
List the prime factors of 611284583.
7, 13, 6717413
List the prime factors of 45643949.
13, 3511073
List the prime factors of 3922589284.
2, 181, 653, 8297
List the prime factors of 32320427.
1181, 27367
List the prime factors of 1453138214.
2, 11, 103, 641279
List the prime factors of 1031431149.
3, 7, 271, 60413
List the prime factors of 344292036.
2, 3, 11, 499, 5227
List the prime factors of 2489413874.
2, 1244706937
What are the prime factors of 2716136252?
2, 113, 661, 9091
What are the prime factors of 48737549?
7, 31, 79, 2843
What are the prime factors of 273357537?
3, 41, 89, 24971
What are the prime factors of 118153689?
3, 17, 353, 6563
What are the prime factors of 2340345455?
5, 7, 66867013
List the prime factors of 105226030.
2, 5, 7, 13, 16519
What are the prime factors of 28487630?
2, 5, 863, 3301
What are the prime factors of 245202095?
5, 31, 1581949
List the prime factors of 129564803.
17, 2237, 3407
List the prime factors of 117121139.
2017, 58067
What are the prime factors of 446017098?
2, 3, 317, 234499
List the prime factors of 351150533.
19, 1151, 16057
What are the prime factors of 5104829?
71, 71899
List the prime factors of 75139716.
2, 3, 41, 152723
List the prime factors of 154913945.
5, 17, 1822517
List the prime factors of 40524861.
3, 13, 29, 35831
What are the prime factors of 4674879564?
2, 3, 389573297
List the prime factors of 199322073.
3, 1801, 4099
List the prime factors of 308260162.
2, 7, 467, 47149
List the prime factors of 1635973642.
2, 239, 3422539
List the prime factors of 10743360.
2, 3, 5, 19, 31
List the prime factors of 87010485.
3, 5, 5800699
What are the prime factors of 1318195458?
2, 3, 23, 353783
What are the prime factors of 1015879817?
1015879817
List the prime factors of 2354898976.
2, 23, 3199591
List the prime factors of 94480820.
2, 5, 7, 229, 421
List the prime factors of 32421971.
29, 241, 4639
List the prime factors of 796495212.
2, 3, 191, 115837
What are the prime factors of 167359953?
3, 3203, 17417
List the prime factors of 798494549.
798494549
What are the prime factors of 100310956?
2, 19, 109, 12109
List the prime factors of 4906233940.
2, 5, 9377, 26161
What are the prime factors of 1151538787?
7, 1217, 135173
What are the prime factors of 2499043164?
2, 3, 73, 431, 6619
What are the prime factors of 79221315?
3, 5, 23, 229627
List the prime factors of 5654484045.
3, 5, 7, 41, 48647
List the prime factors of 59247099.
3, 2194337
List the prime factors of 2586423895.
5, 11, 199, 383, 617
What are the prime factors of 39249788?
2, 9812447
What are the prime factors of 58561143?
3, 499, 39119
List the prime factors of 3004978626.
2, 3, 13, 359, 35771
List the prime factors of 5348533.
5348533
What are the prime factors of 86214730?
2, 5, 7, 757, 1627
What are the prime factors of 94579105?
5, 23, 599, 1373
List the prime factors of 312103160.
2, 5, 197, 39607
What are the prime factors of 260452320?
2, 3, 5, 73, 7433
What are the prime factors of 161255888?
2, 19, 530447
What are the prime factors of 105256495?
5, 227, 92737
What are the prime factors of 28664290?
2, 5, 2866429
What are the prime factors of 266574988?
2, 66643747
List the prime factors of 135496486.
2, 19, 3565697
What are the prime factors of 2929961?
2929961
List the prime factors of 829136549.
89, 9316141
List the prime factors of 4251271750.
2, 5, 11, 1545917
What are the prime factors of 2815055045?
5, 11, 51182819
What are the prime factors of 104914832?
2, 11, 37, 16111
What are the prime factors of 2158660696?
2, 31, 113, 77029
List the prime factors of 835052444.
2, 17, 23, 533921
List the prime factors of 979122552.
2, 3, 419, 97367
What are the prime factors of 4424966695?
5, 239, 3702901
What are the prime factors of 198685897?
198685897
List the prime factors of 315984097.
11, 13, 23, 191, 503
What are the prime factors of 118286918?
2, 17, 3479027
List the prime factors of 21166247.
19, 89, 12517
What are the prime factors of 134058950?
2, 5, 23, 43, 2711
List the prime factors of 52041567.
3, 43, 97, 4159
What are the prime factors of 464832353?
109, 4264517
List the prime factors of 79673501.
79673501
What are the prime factors of 164100116?
2, 17, 227, 10631
List the prime factors of 92203920.
2, 3, 5, 17, 31
What are the prime factors of 45555533?
43, 211, 5021
List the prime factors of 467947001.
467947001
List the prime factors of 213100529.
213100529
List the prime factors of 186022716.
2, 3, 11, 1409263
List the prime factors of 4697323516.
2, 17, 3761, 18367
What are the prime factors of 1667739330?
2, 3, 5, 2477, 7481
What are the prime factors of 252341565?
3, 5, 7, 19, 126487
List the prime factors of 58656067.
29, 383, 5281
What are the prime factors of 1910165508?
2, 3, 53060153
What are the prime factors of 253209114?
2, 3, 73, 131, 1471
What are the prime factors of 46681900?
2, 5, 466819
What are the prime factors of 9205568369?
23, 400242103
What are the prime factors of 147336883?
147336883
What are the prime factors of 1501226462?
2, 750613231
What are the prime factors of 3833380426?
2, 43, 131, 340261
What are the prime factors of 514089188?
2, 53, 2424949
What are the prime factors of 3569808748?
2, 11, 23, 3527479
What are the prime factors of 561067927?
7, 80152561
What are the prime factors of 150252756?
2, 3, 71, 176353
List the prime factors of 33623128.
2, 7, 11, 54583
List the prime factors of 1317874627.
53, 733, 33923
List the prime factors of 233083336.
2, 19, 1533443
What are the prime factors of 164309647?
164309647
List the prime factors of 328790476.
2, 7, 11742517
What are the prime factors of 129324043?
83, 421, 3701
List the prime factors of 796155898.
2, 19, 1102709
List the prime factors of 1912424891.
13, 147109607
What are the prime factors of 35423023?
37, 101, 9479
List the prime factors of 671345075.
5, 26853803
List the prime factors of 223015468.
2, 13, 4288759
List the prime factors of 399640919.
137, 277, 10531
What are the prime factors of 73321948?
2, 7, 199, 13159
List the prime factors of 458361312.
2, 3, 4774597
List the prime factors of 160349109.
3, 131, 241, 1693
List the prime factors of 87121972.
2, 7, 257, 12107
What are the prime factors of 82117825?
5, 3284713
What are the prime factors of 26954860?
2, 5, 17, 79279
What are the prime factors of 563852218?
2, 197, 1431097
What are the prime factors of 22829558?
2, 11414779
List the prime factors of 43907387.
59, 839, 887
What are the prime factors of 3608370482?
2, 127, 14206183
List the prime factors of 493933679.
493933679
What are the prime factors of 184191505?
5, 4481, 8221
What are the prime factors of 27967208?
2, 31, 112771
List the prime factors of 121482173.
121482173
What are the prime factors of 384266273?
4993, 76961
List the prime factors of 587905030.
2, 5, 19, 43, 227, 317
List the prime factors of 6198335101.
7, 885476443
What are the prime factors of 7604812906?
2, 59, 233, 276599
List the prime factors of 1593695438.
2, 23, 34645553
What are the prime factors of 39429735?
3, 5, 2628649
What are the prime factors of 89747313?
3, 29915771
What are the prime factors of 145841458?
2, 7, 83, 125509
What are the prime factors of 55280436?
2, 3, 4606703
List the prime factors of 4059486287.
17, 19, 1049, 11981
What are the prime factors of 898568584?
2, 59, 1903747
What are the prime factors of 2877164750?
2, 5, 41, 280699
List the prime factors of 4942322705.
5, 17, 58144973
List the prime factors of 857135920.
2, 5, 17, 630247
List the prime factors of 581251266.
2, 3, 32291737
List the prime factors of 80460234.
2, 3, 4470013
What are the prime factors of 49304620?
2, 5, 19, 129749
List the prime factors of 1351969237.
1351969237
List the prime factors of 319746763.
7, 19, 2404111
What are the prime factors of 4736260802?
2, 7, 13, 29, 897359
List the prime factors of 59283704.
2